 -5*k + 32 = -l. List the prime factors of k.
2, 5
Let f(k) = 20*k. Let m be f(2). Suppose 4*o = 8*o - m. List the prime factors of o.
2, 5
Let a = 64 + 19. What are the prime factors of a?
83
Let q = 5 + -2. Suppose -3*f + 38 = 2*v, -q*f + v - 5 + 40 = 0. List the prime factors of f.
2, 3
Suppose 0 = -4*b - 18 + 6. Let i = -1 - b. What are the prime factors of 237/21 - i/7?
11
Suppose c - 4*i = -1, 5*c - i - 19 = -5. Let y = 0 + c. Suppose -4*g - y = -11. List the prime factors of g.
2
Suppose -w + 8 = 2*s + 27, -s - 2*w - 11 = 0. Let g(k) = 5*k + 0*k**3 - 7 + 2*k + k**3 + 10*k**2. What are the prime factors of g(s)?
11
Suppose 16 = 4*r - 2*g, g - 4*g - 4 = -2*r. Suppose r*v - 14 = 16. What are the prime factors of v?
2, 3
List the prime factors of (-2)/3*(-38418)/76.
337
Let y = -44 + 64. Suppose 2*r - 18 = y. List the prime factors of r.
19
Suppose 152 = -3*d + 473. Let j = d - 70. List the prime factors of j.
37
Let b(p) = -p + 5. List the prime factors of b(-7).
2, 3
Suppose -m + 0*m - 3 = 0. Let h be (0 - (-1)/m)*-3. Suppose -2*p - h = 7, -3*n = 3*p. List the prime factors of n.
2
Let g be 1 + 21*1 + 2. Let h = g + -11. What are the prime factors of h?
13
Let h(t) = t**3 - 5*t**2 - 4*t - 6. Let l be (-40)/(-6) - (-4)/(-6). Let o be h(l). Suppose -20 = -o*u + 2*u, -u + 21 = 2*q. List the prime factors of q.
2
Let c = -15 - -15. Suppose 4*s + c*s - 44 = 0. What are the prime factors of s?
11
Suppose 0 = 2*w - 5*w - 12. Let u(i) = i**3 + 3*i**2 - 6*i - 1. What are the prime factors of u(w)?
7
Let m(r) = -r**3 - 3*r**2 - 6*r - 12. What are the prime factors of m(-7)?
2, 113
Suppose -2*p + 74 = 2*a, -2*p = -2*a + 26 + 68. List the prime factors of a.
2, 3, 7
List the prime factors of -2 - (-29)/1*1.
3
Suppose 0*i + 50 = 5*i. Suppose -4*k + 3*k = -i. Let s = 1 + k. What are the prime factors of s?
11
Let t be 0 + 1 + 1 - -42. Suppose 0 = v - k - 7, 2*k + 2*k + 13 = v. Suppose x = v*x - t. What are the prime factors of x?
11
Let g(o) = 11*o + 1 - 4*o + 4*o + o. What are the prime factors of g(1)?
13
Suppose -3*q - 5*p - 52 = 0, 0*q + 50 = -3*q - 4*p. Let f(d) = -3*d - 5. Let c be f(6). Let i = q - c. List the prime factors of i.
3
Let o(t) = -t**2 - 1. Let j(p) = -5*p**2 - 5*p. Let f(k) = -j(k) + 3*o(k). List the prime factors of f(4).
7
Let m(q) = 8*q - 3. Let b(r) = -r**2 + 8*r + 2. Suppose -d + 2*v = -10, 4*v + 1 + 3 = 0. Let f be b(d). What are the prime factors of m(f)?
13
Let z be (9 + -2 - 2) + -2. Let x(r) = 0*r + 0*r + r**z - 2*r + 2*r**2 - 2. List the prime factors of x(-2).
2
Let z(r) = 7*r**2 - 10*r + 12. List the prime factors of z(5).
137
Let q = -6 - 0. Let x be (-9)/q + (-1)/(-2). Let o = 13 - x. What are the prime factors of o?
11
Let j(d) = d**2 + 12*d - 7. Let x be j(-13). Let q = x + -3. List the prime factors of q.
3
Let t = 4 - 9. Let f(m) = m**2 + 4*m + 2. List the prime factors of f(t).
7
Let b = -35 + 65. What are the prime factors of b?
2, 3, 5
Suppose -5*v + 127 + 118 = 0. Suppose 0 = 3*f - 4*y - v, -3*f = -2*f - y - 16. Suppose 3*r = f + 33. List the prime factors of r.
2
Let d be ((-13)/(-2))/(17/102). Let s = d + -11. What are the prime factors of s?
2, 7
Let t = -353 - -505. List the prime factors of t.
2, 19
Let h(u) = -u**2 - 2*u + 120. What are the prime factors of h(0)?
2, 3, 5
Let i(b) = b**3 - 3*b**2 + 3*b + 1. Let d = 1 + 3. Let z be i(d). Suppose 3*k = z + 1. What are the prime factors of k?
2, 5
List the prime factors of (-2 - (-28)/12) + 718/6.
2, 3, 5
Let v(g) = -40*g**3 + g**2 - 2*g - 2. List the prime factors of v(-1).
41
Suppose 55*g - 58*g = -93. List the prime factors of g.
31
Let p(w) = w**2 + w. Let k be p(2). Let q = 4 - 3. What are the prime factors of (-11 + q)/(-7 + k)?
2, 5
Let x(f) = -f**3 - f + 5. Let t be x(0). Suppose 50 = 3*d + l - 3*l, 2*l - 62 = -t*d. What are the prime factors of d?
2, 7
What are the prime factors of (-6524)/(-126) - (-2)/9?
2, 13
Let o = -4 + 13. Let m be (-8)/(-1) - (-4)/(-2). Let d = o - m. What are the prime factors of d?
3
Let p = 20 + -12. List the prime factors of p.
2
Let r be 16/6*(-3)/(-4). Suppose -77 = -g - r*g + 5*q, 4*g = -2*q + 94. What are the prime factors of g?
2, 3
Let u = 9 + -3. Suppose -u*o = -3*o - 54. What are the prime factors of o?
2, 3
Let x be 1/2 - 6/(-4). Let h be x + -1 - (0 + -1). Suppose 85 = 5*f - 5*b, 59 = 3*f + h*b - 7*b. What are the prime factors of f?
13
Let s be 3*1*(-60)/(-45). Suppose -3*j + 149 = o - 20, 0 = j + 4*o - 71. Suppose -v + j = s*v. List the prime factors of v.
11
Suppose d + 389 - 141 = 3*v, 414 = 5*v - d. What are the prime factors of v?
83
Let f be (22/6)/((-5)/(-90)). What are the prime factors of (1 - 0)*f/6?
11
Let h(q) = -q**3 + 14*q**2 + 16*q + 3. What are the prime factors of h(15)?
2, 3
Let c(q) = 2*q**2 + 0*q**2 - 8 - q**2 + 3*q. List the prime factors of c(-6).
2, 5
Suppose -8*p + 7*p + 4 = 0. Suppose -3*t + 35 = 2*s, -p*s + 3*t + 68 - 7 = 0. List the prime factors of s.
2
Let a be (-2)/(-3) - 165/(-9). Let c = a - 2. What are the prime factors of c?
17
Let m = 8 + -5. What are the prime factors of ((-2)/m)/(2/(-66))?
2, 11
List the prime factors of (-7 - -4) + (0 - -30).
3
Let g be -2*1 - 4/4. Let q(u) = -u**3 - 2*u**2 - 5*u - 4. List the prime factors of q(g).
2, 5
Suppose 3*m = 11*m - 2080. List the prime factors of m.
2, 5, 13
Suppose 0 = -5*h + 39 - 14. Suppose -11 = -h*y + 4. Suppose v - y = -1. List the prime factors of v.
2
Let p be (0/5)/(1 - 2). Let f(v) = -v**3 - v**2 + 22. What are the prime factors of f(p)?
2, 11
Let v(p) = -p**2 + 6*p - 5. Let m be v(5). Let g(z) be the second derivative of -z**5/20 + z**3/6 + 3*z**2/2 - z. List the prime factors of g(m).
3
Suppose h = 3 - 13. Suppose 32 = l - 4*p, -l + 2*p - 5*p = -4. Let s = l + h. List the prime factors of s.
2, 3
Let a(h) = -5*h + 0 + 2 + 0*h. List the prime factors of a(-2).
2, 3
What are the prime factors of 4693/39 + ((-1)/3 - 0)?
2, 3, 5
Suppose -5*x + 5 = 25, 5*s - 5*x = 120. List the prime factors of s.
2, 5
Let r be 17/2 - ((-10)/4)/(-5). Let k = 3 - -5. Let h = r + k. List the prime factors of h.
2
Let s be 92/9 + 4/(-18). Let k(w) = -w**2 - 20*w + 5. Let q be k(-20). Let v = s - q. List the prime factors of v.
5
Let x(y) = -y**3 + y + 31. Let k be x(0). Suppose 2*d + 36 = 6*d. Suppose -2*u - d = -k. List the prime factors of u.
11
What are the prime factors of (-36)/(-8)*2 + -4?
5
Suppose 12 = 3*i - 3*t - 6, -14 = -5*i + t. Suppose -20 = -0*k - i*k. Let l = k - 5. List the prime factors of l.
5
Suppose 3*f = -3*z - 12, -2*z = -2*f + f + 11. What are the prime factors of f/(0 - -1) - -10?
11
Let t = -9 + 13. Let n be (-1)/5 - (-1)/5. Let j = n + t. List the prime factors of j.
2
What are the prime factors of -3 - (-1 + 28*-2)?
2, 3
Suppose 4*s - 105 = 5*r, r - 186 + 33 = -5*s. Suppose 0 = g - b + 10, 6*b = g + b + s. Let p = -2 - g. List the prime factors of p.
3
Suppose -1652 = -10*t + 958. List the prime factors of t.
3, 29
Suppose -4*c - 3 - 5 = 0. Let t be (-13)/3 + c/(-6). What are the prime factors of t/(-4) - (1 + -7)?
7
Let z(x) = -x - 1. Let s be z(0). Let o = 0 - s. Suppose -o - 4 = -3*f + 5*j, -26 = -4*f - 3*j. List the prime factors of f.
5
Suppose 0 = -0*t - 5*t. Let y(j) = -j - 2. Let z be y(t). What are the prime factors of 1*(z - -1)*-7?
7
Suppose b - 32 = 5*b. Let q be b + (-5)/(15/(-6)). Let j = -1 - q. List the prime factors of j.
5
Let o(d) = d**2 + 4*d - 22. What are the prime factors of o(11)?
11, 13
Let x(o) = o**3 + 6*o**2 - 7*o - 1. Let j be x(-7). Let u be (-1)/(1/j + 2). What are the prime factors of 1 - (-3 - 2/u)?
2
Let q(t) = 4*t**2 - 3*t - 28. What are the prime factors of q(7)?
3, 7
Let v be (-11)/7 - 18/42. Let q be 1*v - 582/(-6). Suppose o = 6*o - q. List the prime factors of o.
19
Let r be 1*-20*-1*2. Let p = -29 + r. What are the prime factors of p?
11
Let s be (12/15)/((-1)/(-5)). Let z(y) be the third derivative of y**4/8 - y**3/2 - y**2. What are the prime factors of z(s)?
3
Let i(y) = y**3 + 6*y**2 + 4*y - 1. Let q be i(-4). Let d be (3 + q - 0) + 2. Suppose -m = 5*a - d, 3*a - a - 4*m = 8. List the prime factors of a.
2
Let q = -2 + 1. Let o = q + 2. List the prime factors of o/3 - 5/(-3).
2
What are the prime factors of 2/(4/(-6)) + 5?
2
Suppose 0 = -4*f + 5*j + 204, 2*f - 4*j + 